{"id":1470,"date":"2025-06-11T20:44:59","date_gmt":"2025-06-11T20:44:59","guid":{"rendered":"https:\/\/www.corierosesoumah.com\/homepage\/?page_id=1470"},"modified":"2026-03-10T20:55:31","modified_gmt":"2026-03-10T20:55:31","slug":"limpidites-iii","status":"publish","type":"page","link":"https:\/\/www.corierosesoumah.com\/homepage\/limpidites-iii\/","title":{"rendered":"Limpidit\u00e9s III"},"content":{"rendered":"\n<p class=\"animated fadeIn\" style=\"font-size:12px;font-style:normal;font-weight:300;line-height:1.2\"><em>for tenor saxophone<\/em> (2022)<br>1:30 minutes<br>for Antonin Bourgault<br>commissioned by Festival Unisson<br><br><em>pour saxophone t\u00e9nor<\/em> (2022)<br>1:30 minutes<br>pour Antonin Bourgault<em><br><\/em>command\u00e9e par le Festival Unisson<\/p>\n\n\n\n<figure class=\"wp-block-image alignleft size-full is-resized animated fadeIn\"><img fetchpriority=\"high\" decoding=\"async\" width=\"2560\" height=\"1558\" src=\"https:\/\/www.corierosesoumah.com\/wp-content\/uploads\/2025\/06\/AntoninBourgault-scaled.png\" alt=\"\" class=\"wp-image-1473\" style=\"width:700px\" srcset=\"https:\/\/www.corierosesoumah.com\/wp-content\/uploads\/2025\/06\/AntoninBourgault-scaled.png 2560w, https:\/\/www.corierosesoumah.com\/wp-content\/uploads\/2025\/06\/AntoninBourgault-300x183.png 300w, https:\/\/www.corierosesoumah.com\/wp-content\/uploads\/2025\/06\/AntoninBourgault-1024x623.png 1024w, https:\/\/www.corierosesoumah.com\/wp-content\/uploads\/2025\/06\/AntoninBourgault-768x467.png 768w, https:\/\/www.corierosesoumah.com\/wp-content\/uploads\/2025\/06\/AntoninBourgault-1536x935.png 1536w, https:\/\/www.corierosesoumah.com\/wp-content\/uploads\/2025\/06\/AntoninBourgault-2048x1246.png 2048w\" sizes=\"(max-width: 2560px) 100vw, 2560px\" \/><\/figure>\n\n\n\n<div style=\"height:5px\" aria-hidden=\"true\" class=\"wp-block-spacer\"><\/div>\n\n\n\n<p class=\"has-text-align-left animated fadeIn\" style=\"font-size:0.7rem;font-style:normal;font-weight:300\">&#8220;Jardin Rouge&nbsp;d&#8217;Alfred Pellan invite&nbsp;le visiteur \u00e0 contempler et ressentir la vivacit\u00e9 d&#8217;une sc\u00e8ne bucolique emplie de couleurs vives. Le saxophone ici pr\u00e9sente multitudes de petits gestes cr\u00e9\u00e9s en \u00e9cho avec les diff\u00e9rentes pointes de pinceaux et collages des mat\u00e9riaux plastiques. Les bruits de souffle et les sons gutturaux cherchent \u00e0 s\u2019impr\u00e9gner de cette intensit\u00e9 crue que j&#8217;ai ressentie en observant le tableau pour la toute premi\u00e8re fois.&#8221;<br><br>&#8220;<em>Alfred Pellan&#8217;s painting <em>Jardin Rouge<\/em> invites the viewer to contemplate and feel the vibrancy of a bucolic scene filled with vivid colors. The saxophone here presents a multitude of small gestures that are echoing various brushstrokes and collages of the plastic materials. Breath and <em>guttural<\/em> sounds strive to absorb this raw intensity I felt when I first looked at the painting.<\/em>&#8220;<\/p>\n\n\n\n<iframe width=\"100%\" height=\"166\" scrolling=\"no\" frameborder=\"no\" allow=\"autoplay\" src=\"https:\/\/w.soundcloud.com\/player\/?url=https%3A\/\/api.soundcloud.com\/tracks\/1300668799&#038;color=%2337352c&#038;auto_play=false&#038;hide_related=true&#038;show_comments=true&#038;show_user=true&#038;show_reposts=false&#038;show_teaser=false\"><\/iframe><div style=\"font-size: 10px; color: #cccccc;line-break: anywhere;word-break: normal;overflow: hidden;white-space: nowrap;text-overflow: ellipsis; font-family: Interstate,Lucida Grande,Lucida Sans Unicode,Lucida Sans,Garuda,Verdana,Tahoma,sans-serif;font-weight: 100;\"><a href=\"https:\/\/soundcloud.com\/coriesoumah\" title=\"Corie Rose Soumah\" target=\"_blank\" style=\"color: #cccccc; text-decoration: none;\">Corie Rose Soumah<\/a> \u00b7 <a href=\"https:\/\/soundcloud.com\/coriesoumah\/limpidites-iii\" title=\"Limpidit\u00e9s III\" target=\"_blank\" style=\"color: #cccccc; text-decoration: none;\">Limpidit\u00e9s III<\/a><\/div>\n","protected":false},"excerpt":{"rendered":"<p>for tenor saxophone (2022)1:30 minutesfor Antonin Bourgaultcommissioned by Festival Unisson pour saxophone t\u00e9nor (2022)1:30 minutespour Antonin Bourgaultcommand\u00e9e par le Festival Unisson &#8220;Jardin Rouge&nbsp;d&#8217;Alfred Pellan invite&nbsp;le visiteur \u00e0 contempler et ressentir la vivacit\u00e9 d&#8217;une sc\u00e8ne bucolique emplie de couleurs vives. Le saxophone ici pr\u00e9sente multitudes de petits gestes cr\u00e9\u00e9s en \u00e9cho avec les diff\u00e9rentes pointes de [&hellip;]<\/p>\n","protected":false},"author":1,"featured_media":0,"parent":0,"menu_order":0,"comment_status":"closed","ping_status":"closed","template":"","meta":{"om_disable_all_campaigns":false,"_monsterinsights_skip_tracking":false,"_monsterinsights_sitenote_active":false,"_monsterinsights_sitenote_note":"","_monsterinsights_sitenote_category":0,"footnotes":""},"class_list":["post-1470","page","type-page","status-publish","hentry"],"aioseo_notices":[],"_links":{"self":[{"href":"https:\/\/www.corierosesoumah.com\/homepage\/wp-json\/wp\/v2\/pages\/1470","targetHints":{"allow":["GET"]}}],"collection":[{"href":"https:\/\/www.corierosesoumah.com\/homepage\/wp-json\/wp\/v2\/pages"}],"about":[{"href":"https:\/\/www.corierosesoumah.com\/homepage\/wp-json\/wp\/v2\/types\/page"}],"author":[{"embeddable":true,"href":"https:\/\/www.corierosesoumah.com\/homepage\/wp-json\/wp\/v2\/users\/1"}],"replies":[{"embeddable":true,"href":"https:\/\/www.corierosesoumah.com\/homepage\/wp-json\/wp\/v2\/comments?post=1470"}],"version-history":[{"count":7,"href":"https:\/\/www.corierosesoumah.com\/homepage\/wp-json\/wp\/v2\/pages\/1470\/revisions"}],"predecessor-version":[{"id":1803,"href":"https:\/\/www.corierosesoumah.com\/homepage\/wp-json\/wp\/v2\/pages\/1470\/revisions\/1803"}],"wp:attachment":[{"href":"https:\/\/www.corierosesoumah.com\/homepage\/wp-json\/wp\/v2\/media?parent=1470"}],"curies":[{"name":"wp","href":"https:\/\/api.w.org\/{rel}","templated":true}]}}