{"id":1435,"date":"2025-06-11T20:50:28","date_gmt":"2025-06-11T20:50:28","guid":{"rendered":"https:\/\/www.corierosesoumah.com\/homepage\/?page_id=1435"},"modified":"2026-03-10T21:15:40","modified_gmt":"2026-03-10T21:15:40","slug":"porcelains-eco-stillmagical","status":"publish","type":"page","link":"https:\/\/www.corierosesoumah.com\/homepage\/porcelains-eco-stillmagical\/","title":{"rendered":"porcelains\/eco\/#stillmagical"},"content":{"rendered":"\n<p class=\"animated fadeIn\" style=\"font-size:12px;font-style:normal;font-weight:300;line-height:1.2\"><em>for live electronics and shells <\/em>(2024)<br>14 minutes<br>live recording at the DiMenna Center for Classical Music, NYC<br><br><em>pour \u00e9lectroniques en temps r\u00e9el et coquillages<\/em> (2024)<br>14 minutes<br>enregistrement en direct au DiMenna Center for Classical Music, NYC<br><\/p>\n\n\n\n<figure class=\"wp-block-video animated fadeIn\" style=\"margin-top:0;margin-bottom:0\"><video height=\"1080\" style=\"aspect-ratio: 1920 \/ 1080;\" width=\"1920\" autoplay loop muted src=\"https:\/\/www.corierosesoumah.com\/wp-content\/uploads\/2025\/05\/IMG_2417-2-1.mov\"><\/video><\/figure>\n\n\n\n<div style=\"height:5px\" aria-hidden=\"true\" class=\"wp-block-spacer\"><\/div>\n\n\n\n<div class=\"wp-block-columns animated fadeIn is-layout-flex wp-container-core-columns-is-layout-28f84493 wp-block-columns-is-layout-flex\">\n<div class=\"wp-block-column is-layout-flow wp-block-column-is-layout-flow\">\n<figure class=\"wp-block-image size-full\"><img fetchpriority=\"high\" decoding=\"async\" width=\"2560\" height=\"1413\" src=\"https:\/\/www.corierosesoumah.com\/wp-content\/uploads\/2025\/05\/porcelains2-scaled.png\" alt=\"\" class=\"wp-image-1446\" style=\"object-fit:cover\" srcset=\"https:\/\/www.corierosesoumah.com\/wp-content\/uploads\/2025\/05\/porcelains2-scaled.png 2560w, https:\/\/www.corierosesoumah.com\/wp-content\/uploads\/2025\/05\/porcelains2-300x166.png 300w, https:\/\/www.corierosesoumah.com\/wp-content\/uploads\/2025\/05\/porcelains2-1024x565.png 1024w, https:\/\/www.corierosesoumah.com\/wp-content\/uploads\/2025\/05\/porcelains2-768x424.png 768w, https:\/\/www.corierosesoumah.com\/wp-content\/uploads\/2025\/05\/porcelains2-1536x848.png 1536w, https:\/\/www.corierosesoumah.com\/wp-content\/uploads\/2025\/05\/porcelains2-2048x1130.png 2048w\" sizes=\"(max-width: 2560px) 100vw, 2560px\" \/><\/figure>\n\n\n\n<p style=\"font-size:0.7rem;font-style:normal;font-weight:300\">Live electronics with vibrating shells looking at the vitality of eco-anxieties and corporatized blackness fueled by:<br><\/p>\n\n\n\n<p style=\"font-size:0.7rem;font-style:normal;font-weight:300\">&#8220;brushes of swiftness of adrenalines,<br>swirling anxieties,<br>late night snacks,<br>burst of laughters\/cries,<br>sweeps of turntables states,<br>eradication and amplification of blackness,<br>vibrating collected trophies,<br>absences of resilience,<br>sweetness of life,<br>bent physicalities,<br>sore braiding fingers.&#8221;<br><br><em>\u00c9lectroniques en temps r\u00e9els avec coquillages en vibration explorant l&#8217;espace vital d&#8217;\u00e9co-anxi\u00e9t\u00e9 et l&#8217;espace afro-diasporique corporatis\u00e9<\/em><\/p>\n<\/div>\n\n\n\n<div class=\"wp-block-column has-global-padding is-layout-constrained wp-block-column-is-layout-constrained\">\n<figure class=\"wp-block-image alignleft size-full is-resized\"><img decoding=\"async\" width=\"1920\" height=\"2560\" src=\"https:\/\/www.corierosesoumah.com\/wp-content\/uploads\/2025\/05\/IMG_5749-scaled.jpg\" alt=\"\" class=\"wp-image-1328\" style=\"aspect-ratio:3\/4;object-fit:cover;width:auto;height:600px\" srcset=\"https:\/\/www.corierosesoumah.com\/wp-content\/uploads\/2025\/05\/IMG_5749-scaled.jpg 1920w, https:\/\/www.corierosesoumah.com\/wp-content\/uploads\/2025\/05\/IMG_5749-225x300.jpg 225w, https:\/\/www.corierosesoumah.com\/wp-content\/uploads\/2025\/05\/IMG_5749-768x1024.jpg 768w, https:\/\/www.corierosesoumah.com\/wp-content\/uploads\/2025\/05\/IMG_5749-1152x1536.jpg 1152w, https:\/\/www.corierosesoumah.com\/wp-content\/uploads\/2025\/05\/IMG_5749-1536x2048.jpg 1536w\" sizes=\"(max-width: 1920px) 100vw, 1920px\" \/><\/figure>\n<\/div>\n<\/div>\n\n\n\n<figure class=\"wp-block-embed is-type-video is-provider-youtube wp-block-embed-youtube wp-embed-aspect-16-9 wp-has-aspect-ratio animated fadeIn\"><div class=\"wp-block-embed__wrapper\">\n<iframe title=\"porcelains\/eco\/#stillmagical\" width=\"500\" height=\"281\" src=\"https:\/\/www.youtube.com\/embed\/qdYORGrAuBc?feature=oembed\" frameborder=\"0\" allow=\"accelerometer; autoplay; clipboard-write; encrypted-media; gyroscope; picture-in-picture; web-share\" referrerpolicy=\"strict-origin-when-cross-origin\" allowfullscreen><\/iframe>\n<\/div><\/figure>\n\n\n\n<div style=\"height:21px\" aria-hidden=\"true\" class=\"wp-block-spacer\"><\/div>\n","protected":false},"excerpt":{"rendered":"<p>for live electronics and shells (2024)14 minuteslive recording at the DiMenna Center for Classical Music, NYC pour \u00e9lectroniques en temps r\u00e9el et coquillages (2024)14 minutesenregistrement en direct au DiMenna Center for Classical Music, NYC Live electronics with vibrating shells looking at the vitality of eco-anxieties and corporatized blackness fueled by: &#8220;brushes of swiftness of adrenalines,swirling [&hellip;]<\/p>\n","protected":false},"author":1,"featured_media":0,"parent":0,"menu_order":0,"comment_status":"closed","ping_status":"closed","template":"","meta":{"om_disable_all_campaigns":false,"_monsterinsights_skip_tracking":false,"_monsterinsights_sitenote_active":false,"_monsterinsights_sitenote_note":"","_monsterinsights_sitenote_category":0,"footnotes":""},"class_list":["post-1435","page","type-page","status-publish","hentry"],"aioseo_notices":[],"_links":{"self":[{"href":"https:\/\/www.corierosesoumah.com\/homepage\/wp-json\/wp\/v2\/pages\/1435","targetHints":{"allow":["GET"]}}],"collection":[{"href":"https:\/\/www.corierosesoumah.com\/homepage\/wp-json\/wp\/v2\/pages"}],"about":[{"href":"https:\/\/www.corierosesoumah.com\/homepage\/wp-json\/wp\/v2\/types\/page"}],"author":[{"embeddable":true,"href":"https:\/\/www.corierosesoumah.com\/homepage\/wp-json\/wp\/v2\/users\/1"}],"replies":[{"embeddable":true,"href":"https:\/\/www.corierosesoumah.com\/homepage\/wp-json\/wp\/v2\/comments?post=1435"}],"version-history":[{"count":10,"href":"https:\/\/www.corierosesoumah.com\/homepage\/wp-json\/wp\/v2\/pages\/1435\/revisions"}],"predecessor-version":[{"id":1809,"href":"https:\/\/www.corierosesoumah.com\/homepage\/wp-json\/wp\/v2\/pages\/1435\/revisions\/1809"}],"wp:attachment":[{"href":"https:\/\/www.corierosesoumah.com\/homepage\/wp-json\/wp\/v2\/media?parent=1435"}],"curies":[{"name":"wp","href":"https:\/\/api.w.org\/{rel}","templated":true}]}}